{"id":21,"date":"2025-06-09T19:16:46","date_gmt":"2025-06-09T19:16:46","guid":{"rendered":"https:\/\/programmering.gtg.se\/theo.turunen\/?page_id=21"},"modified":"2025-06-13T06:33:23","modified_gmt":"2025-06-13T06:33:23","slug":"front_page","status":"publish","type":"page","link":"https:\/\/programmering.gtg.se\/theo.turunen\/?page_id=21","title":{"rendered":"Timeline"},"content":{"rendered":"\n<figure class=\"wp-block-image size-large\"><img loading=\"lazy\" decoding=\"async\" width=\"683\" height=\"1024\" src=\"https:\/\/programmering.gtg.se\/theo.turunen\/wp-content\/uploads\/2025\/06\/cropped-ChatGPT-Image-11-juni-2025-14_25_05-683x1024.png\" alt=\"\" class=\"wp-image-255\" srcset=\"https:\/\/programmering.gtg.se\/theo.turunen\/wp-content\/uploads\/2025\/06\/cropped-ChatGPT-Image-11-juni-2025-14_25_05-683x1024.png 683w, https:\/\/programmering.gtg.se\/theo.turunen\/wp-content\/uploads\/2025\/06\/cropped-ChatGPT-Image-11-juni-2025-14_25_05-200x300.png 200w, https:\/\/programmering.gtg.se\/theo.turunen\/wp-content\/uploads\/2025\/06\/cropped-ChatGPT-Image-11-juni-2025-14_25_05-768x1152.png 768w, https:\/\/programmering.gtg.se\/theo.turunen\/wp-content\/uploads\/2025\/06\/cropped-ChatGPT-Image-11-juni-2025-14_25_05.png 1023w\" sizes=\"auto, (max-width: 683px) 100vw, 683px\" \/><\/figure>\n\n\n\n<h3 class=\"wp-block-heading\"><strong>1960-talet \u2013 Grunderna l\u00e4ggs<\/strong><\/h3>\n\n\n\n<ul class=\"wp-block-list\">\n<li><strong>1969<\/strong>: ARPANET (Advanced Research Projects Agency Network) lanseras i USA. Det \u00e4r det f\u00f6rsta n\u00e4tverket som anv\u00e4nder paketf\u00f6rmedling \u2013 en grundl\u00e4ggande teknik f\u00f6r dagens internet. Fyra universitet kopplas samman.<\/li>\n<\/ul>\n\n\n\n<p><\/p>\n\n\n\n<h3 class=\"wp-block-heading\"><strong>1970-talet \u2013 De f\u00f6rsta n\u00e4tverken v\u00e4xer fram<\/strong><\/h3>\n\n\n\n<ul class=\"wp-block-list\">\n<li><strong>1971<\/strong>: Den f\u00f6rsta e-postmeddelandet skickas via ARPANET.<\/li>\n\n\n\n<li><strong>1973<\/strong>: Den brittiska och norska milit\u00e4ren kopplas till ARPANET, vilket g\u00f6r n\u00e4tverket internationellt.<\/li>\n\n\n\n<li><strong>1978<\/strong>: Det f\u00f6rsta skr\u00e4ppostmeddelandet (spam) skickas.<\/li>\n\n\n\n<li><strong>1979<\/strong>: Usenet startas, ett f\u00f6reg\u00e5ngare till moderna forum och diskussionsgrupper.<\/li>\n<\/ul>\n\n\n\n<p><\/p>\n\n\n\n<h3 class=\"wp-block-heading\"><strong>1980-talet \u2013 Internet v\u00e4xer fram<\/strong><\/h3>\n\n\n\n<ul class=\"wp-block-list\">\n<li><strong>1983<\/strong>: ARPANET g\u00e5r \u00f6ver till protokollet TCP\/IP \u2013 grunden f\u00f6r dagens internet.<\/li>\n\n\n\n<li><strong>1984<\/strong>: Dom\u00e4nnamnssystemet (DNS) inf\u00f6rs. Ist\u00e4llet f\u00f6r att anv\u00e4nda IP-adresser kan man nu skriva exempelvis \u201c<a>www.example.com\u201d<\/a>.<\/li>\n\n\n\n<li><strong>1989<\/strong>: Tim Berners-Lee vid CERN f\u00f6resl\u00e5r ett system f\u00f6r att organisera och l\u00e4nka information \u2013 det som senare blir World Wide Web.<\/li>\n<\/ul>\n\n\n\n<p><\/p>\n\n\n\n<h3 class=\"wp-block-heading\"><strong>1990-talet \u2013 Internet blir tillg\u00e4ngligt f\u00f6r allm\u00e4nheten<\/strong><\/h3>\n\n\n\n<ul class=\"wp-block-list\">\n<li><strong>1990<\/strong>: ARPANET st\u00e4ngs ner, men ers\u00e4tts av nya n\u00e4tverk baserade p\u00e5 TCP\/IP.<\/li>\n\n\n\n<li><strong>1991<\/strong>: World Wide Web lanseras offentligt. Den f\u00f6rsta webbsidan g\u00e5r online.<\/li>\n\n\n\n<li><strong>1993<\/strong>: Webbl\u00e4saren Mosaic sl\u00e4pps och g\u00f6r det enklare att surfa p\u00e5 n\u00e4tet. Det \u00e4r en viktig milstolpe f\u00f6r internets tillv\u00e4xt.<\/li>\n\n\n\n<li><strong>1995<\/strong>: Kommersiellt internet sl\u00e4pps l\u00f6s \u2013 f\u00f6retag f\u00e5r tillg\u00e5ng och e-handel b\u00f6rjar ta fart (t.ex. Amazon och eBay startar).<\/li>\n\n\n\n<li><strong>1998<\/strong>: Google grundas och b\u00f6rjar indexera webben p\u00e5 ett revolutionerande s\u00e4tt.<\/li>\n<\/ul>\n\n\n\n<p><\/p>\n\n\n\n<h3 class=\"wp-block-heading\"><strong>2000-talet \u2013 Internets stora genomslag<\/strong><\/h3>\n\n\n\n<ul class=\"wp-block-list\">\n<li><strong>2004<\/strong>: Facebook lanseras och startar en ny era av sociala medier.<\/li>\n\n\n\n<li><strong>2005<\/strong>: YouTube grundas och f\u00f6r\u00e4ndrar hur m\u00e4nniskor delar och konsumerar video.<\/li>\n\n\n\n<li><strong>2007<\/strong>: iPhone lanseras och mobilen blir ett viktigt verktyg f\u00f6r internetanv\u00e4ndning.<\/li>\n<\/ul>\n\n\n\n<p><\/p>\n\n\n\n<h3 class=\"wp-block-heading\"><strong>2010-talet \u2013 Internet \u00f6verallt<\/strong><\/h3>\n\n\n\n<ul class=\"wp-block-list\">\n<li><strong>2010<\/strong>: Instagram lanseras \u2013 mobilappar och bilddelning \u00f6kar kraftigt.<\/li>\n\n\n\n<li><strong>2016<\/strong>: Internet of Things (IoT) blir ett begrepp \u2013 fler vardagsprylar b\u00f6rjar kopplas upp, som kylsk\u00e5p och bilar.<\/li>\n<\/ul>\n\n\n\n<p><\/p>\n\n\n\n<h3 class=\"wp-block-heading\"><strong>2020-talet \u2013 AI och framtidens internet<\/strong><\/h3>\n\n\n\n<ul class=\"wp-block-list\">\n<li><strong>2020<\/strong>: Pandemin \u00f6kar anv\u00e4ndningen av digitala tj\u00e4nster som Zoom och distansarbete blir vanligare.<\/li>\n\n\n\n<li><strong>2022<\/strong>: Generativ AI som ChatGPT sl\u00e5r igenom stort och p\u00e5verkar hur m\u00e4nniskor s\u00f6ker information online.<\/li>\n<\/ul>\n\n\n\n<p><\/p>\n","protected":false},"excerpt":{"rendered":"<p>1960-talet \u2013 Grunderna l\u00e4ggs 1970-talet \u2013 De f\u00f6rsta n\u00e4tverken v\u00e4xer fram 1980-talet \u2013 [&hellip;]<\/p>\n","protected":false},"author":1,"featured_media":0,"parent":0,"menu_order":0,"comment_status":"closed","ping_status":"closed","template":"page-templates\/homepage.php","meta":{"footnotes":""},"class_list":["post-21","page","type-page","status-publish","hentry"],"_links":{"self":[{"href":"https:\/\/programmering.gtg.se\/theo.turunen\/index.php?rest_route=\/wp\/v2\/pages\/21","targetHints":{"allow":["GET"]}}],"collection":[{"href":"https:\/\/programmering.gtg.se\/theo.turunen\/index.php?rest_route=\/wp\/v2\/pages"}],"about":[{"href":"https:\/\/programmering.gtg.se\/theo.turunen\/index.php?rest_route=\/wp\/v2\/types\/page"}],"author":[{"embeddable":true,"href":"https:\/\/programmering.gtg.se\/theo.turunen\/index.php?rest_route=\/wp\/v2\/users\/1"}],"replies":[{"embeddable":true,"href":"https:\/\/programmering.gtg.se\/theo.turunen\/index.php?rest_route=%2Fwp%2Fv2%2Fcomments&post=21"}],"version-history":[{"count":16,"href":"https:\/\/programmering.gtg.se\/theo.turunen\/index.php?rest_route=\/wp\/v2\/pages\/21\/revisions"}],"predecessor-version":[{"id":299,"href":"https:\/\/programmering.gtg.se\/theo.turunen\/index.php?rest_route=\/wp\/v2\/pages\/21\/revisions\/299"}],"wp:attachment":[{"href":"https:\/\/programmering.gtg.se\/theo.turunen\/index.php?rest_route=%2Fwp%2Fv2%2Fmedia&parent=21"}],"curies":[{"name":"wp","href":"https:\/\/api.w.org\/{rel}","templated":true}]}}