{"id":146,"date":"2025-06-16T14:03:15","date_gmt":"2025-06-16T12:03:15","guid":{"rendered":"https:\/\/programmering.gtg.se\/joris.derkintis\/?page_id=146"},"modified":"2025-06-16T14:03:15","modified_gmt":"2025-06-16T12:03:15","slug":"widget","status":"publish","type":"page","link":"https:\/\/programmering.gtg.se\/joris.derkintis\/?page_id=146","title":{"rendered":"Widget"},"content":{"rendered":"\n<p class=\"has-text-align-center has-light-color-color has-text-color has-link-color has-big-font-size wp-elements-c77df0281e5895a44a249cc8c8eac88f\"><strong>F\u00f6rklaring:<\/strong> En widget \u00e4r ett f\u00e4rdigt inneh\u00e5llsblock du kan l\u00e4gga till p\u00e5 din sida \u2013 som en kalender, lista eller karta.<br><strong>Exempel:<\/strong> En ruta med \u201cSenaste inl\u00e4ggen\u201d i sidfoten \u00e4r en widget.<\/p>\n","protected":false},"excerpt":{"rendered":"<p>F\u00f6rklaring: En widget \u00e4r ett f\u00e4rdigt inneh\u00e5llsblock du kan l\u00e4gga till p\u00e5 din sida \u2013 som en kalender, lista eller karta.Exempel: En ruta med \u201cSenaste inl\u00e4ggen\u201d i sidfoten \u00e4r en widget.<\/p>\n","protected":false},"author":1,"featured_media":0,"parent":0,"menu_order":0,"comment_status":"closed","ping_status":"closed","template":"page-sitemap-template","meta":{"footnotes":""},"class_list":["post-146","page","type-page","status-publish","hentry"],"_links":{"self":[{"href":"https:\/\/programmering.gtg.se\/joris.derkintis\/index.php?rest_route=\/wp\/v2\/pages\/146","targetHints":{"allow":["GET"]}}],"collection":[{"href":"https:\/\/programmering.gtg.se\/joris.derkintis\/index.php?rest_route=\/wp\/v2\/pages"}],"about":[{"href":"https:\/\/programmering.gtg.se\/joris.derkintis\/index.php?rest_route=\/wp\/v2\/types\/page"}],"author":[{"embeddable":true,"href":"https:\/\/programmering.gtg.se\/joris.derkintis\/index.php?rest_route=\/wp\/v2\/users\/1"}],"replies":[{"embeddable":true,"href":"https:\/\/programmering.gtg.se\/joris.derkintis\/index.php?rest_route=%2Fwp%2Fv2%2Fcomments&post=146"}],"version-history":[{"count":1,"href":"https:\/\/programmering.gtg.se\/joris.derkintis\/index.php?rest_route=\/wp\/v2\/pages\/146\/revisions"}],"predecessor-version":[{"id":200,"href":"https:\/\/programmering.gtg.se\/joris.derkintis\/index.php?rest_route=\/wp\/v2\/pages\/146\/revisions\/200"}],"wp:attachment":[{"href":"https:\/\/programmering.gtg.se\/joris.derkintis\/index.php?rest_route=%2Fwp%2Fv2%2Fmedia&parent=146"}],"curies":[{"name":"wp","href":"https:\/\/api.w.org\/{rel}","templated":true}]}}