{"id":145,"date":"2025-06-16T14:02:18","date_gmt":"2025-06-16T12:02:18","guid":{"rendered":"https:\/\/programmering.gtg.se\/joris.derkintis\/?page_id=145"},"modified":"2025-06-16T14:02:18","modified_gmt":"2025-06-16T12:02:18","slug":"tema","status":"publish","type":"page","link":"https:\/\/programmering.gtg.se\/joris.derkintis\/?page_id=145","title":{"rendered":"Tema"},"content":{"rendered":"\n<p class=\"has-text-align-center has-light-color-color has-text-color has-link-color has-big-font-size wp-elements-f83a5ecea60e0a3099376c08c46e46e4\"><strong>F\u00f6rklaring:<\/strong> Ett tema styr design och utseende p\u00e5 din webbplats. Du kan byta tema i WordPress f\u00f6r att \u00e4ndra layout och stil.<br><strong>Exempel:<\/strong> Ett m\u00f6rkt tema g\u00f6r att hela sidan f\u00e5r svart bakgrund.<\/p>\n","protected":false},"excerpt":{"rendered":"<p>F\u00f6rklaring: Ett tema styr design och utseende p\u00e5 din webbplats. Du kan byta tema i WordPress f\u00f6r att \u00e4ndra layout och stil.Exempel: Ett m\u00f6rkt tema g\u00f6r att hela sidan f\u00e5r svart bakgrund.<\/p>\n","protected":false},"author":1,"featured_media":0,"parent":0,"menu_order":0,"comment_status":"closed","ping_status":"closed","template":"page-sitemap-template","meta":{"footnotes":""},"class_list":["post-145","page","type-page","status-publish","hentry"],"_links":{"self":[{"href":"https:\/\/programmering.gtg.se\/joris.derkintis\/index.php?rest_route=\/wp\/v2\/pages\/145","targetHints":{"allow":["GET"]}}],"collection":[{"href":"https:\/\/programmering.gtg.se\/joris.derkintis\/index.php?rest_route=\/wp\/v2\/pages"}],"about":[{"href":"https:\/\/programmering.gtg.se\/joris.derkintis\/index.php?rest_route=\/wp\/v2\/types\/page"}],"author":[{"embeddable":true,"href":"https:\/\/programmering.gtg.se\/joris.derkintis\/index.php?rest_route=\/wp\/v2\/users\/1"}],"replies":[{"embeddable":true,"href":"https:\/\/programmering.gtg.se\/joris.derkintis\/index.php?rest_route=%2Fwp%2Fv2%2Fcomments&post=145"}],"version-history":[{"count":1,"href":"https:\/\/programmering.gtg.se\/joris.derkintis\/index.php?rest_route=\/wp\/v2\/pages\/145\/revisions"}],"predecessor-version":[{"id":198,"href":"https:\/\/programmering.gtg.se\/joris.derkintis\/index.php?rest_route=\/wp\/v2\/pages\/145\/revisions\/198"}],"wp:attachment":[{"href":"https:\/\/programmering.gtg.se\/joris.derkintis\/index.php?rest_route=%2Fwp%2Fv2%2Fmedia&parent=145"}],"curies":[{"name":"wp","href":"https:\/\/api.w.org\/{rel}","templated":true}]}}