{"id":139,"date":"2025-06-16T13:53:21","date_gmt":"2025-06-16T11:53:21","guid":{"rendered":"https:\/\/programmering.gtg.se\/joris.derkintis\/?page_id=139"},"modified":"2025-06-16T13:59:53","modified_gmt":"2025-06-16T11:59:53","slug":"ip-adress","status":"publish","type":"page","link":"https:\/\/programmering.gtg.se\/joris.derkintis\/?page_id=139","title":{"rendered":"IP-adress"},"content":{"rendered":"\n<p class=\"has-text-align-center has-light-color-color has-text-color has-link-color has-big-font-size wp-elements-8b08e9e4d0969e9998ef1acb849abef0\"><strong>F\u00f6rklaring:<\/strong> En IP-adress \u00e4r som en gatuadress f\u00f6r datorer p\u00e5 internet. Den anv\u00e4nds f\u00f6r att hitta r\u00e4tt plats att h\u00e4mta information fr\u00e5n.<br><strong>Exempel:<\/strong> 192.168.1.1 \u00e4r ett exempel p\u00e5 en IP-adress.<\/p>\n","protected":false},"excerpt":{"rendered":"<p>F\u00f6rklaring: En IP-adress \u00e4r som en gatuadress f\u00f6r datorer p\u00e5 internet. Den anv\u00e4nds f\u00f6r att hitta r\u00e4tt plats att h\u00e4mta information fr\u00e5n.Exempel: 192.168.1.1 \u00e4r ett exempel p\u00e5 en IP-adress.<\/p>\n","protected":false},"author":1,"featured_media":0,"parent":0,"menu_order":0,"comment_status":"closed","ping_status":"closed","template":"page-sitemap-template","meta":{"footnotes":""},"class_list":["post-139","page","type-page","status-publish","hentry"],"_links":{"self":[{"href":"https:\/\/programmering.gtg.se\/joris.derkintis\/index.php?rest_route=\/wp\/v2\/pages\/139","targetHints":{"allow":["GET"]}}],"collection":[{"href":"https:\/\/programmering.gtg.se\/joris.derkintis\/index.php?rest_route=\/wp\/v2\/pages"}],"about":[{"href":"https:\/\/programmering.gtg.se\/joris.derkintis\/index.php?rest_route=\/wp\/v2\/types\/page"}],"author":[{"embeddable":true,"href":"https:\/\/programmering.gtg.se\/joris.derkintis\/index.php?rest_route=\/wp\/v2\/users\/1"}],"replies":[{"embeddable":true,"href":"https:\/\/programmering.gtg.se\/joris.derkintis\/index.php?rest_route=%2Fwp%2Fv2%2Fcomments&post=139"}],"version-history":[{"count":2,"href":"https:\/\/programmering.gtg.se\/joris.derkintis\/index.php?rest_route=\/wp\/v2\/pages\/139\/revisions"}],"predecessor-version":[{"id":192,"href":"https:\/\/programmering.gtg.se\/joris.derkintis\/index.php?rest_route=\/wp\/v2\/pages\/139\/revisions\/192"}],"wp:attachment":[{"href":"https:\/\/programmering.gtg.se\/joris.derkintis\/index.php?rest_route=%2Fwp%2Fv2%2Fmedia&parent=139"}],"curies":[{"name":"wp","href":"https:\/\/api.w.org\/{rel}","templated":true}]}}